se 15?
-79a53
What is 3321032 (base 5) in base 7?
330024
548bc (base 13) to base 10
153100
Convert -10420132424 (base 5) to base 6.
-1050133123
3103880 (base 13) to base 9
30857682
Convert -20233132012 (base 4) to base 8.
-10573606
f784 (base 16) to base 2
1111011110000100
What is -115530425 (base 6) in base 3?
-11012120212222
What is -103022321032 (base 4) in base 10?
-5025358
-475970 (base 12) to base 2
-100011000111000100100
What is -3744376 (base 8) in base 13?
-2a2b36
-792808 (base 12) to base 8
-7277410
1b3b2 (base 14) to base 3
10112010022
What is 10100110101001111101111 (base 2) in base 8?
24651757
Convert -1093aa (base 16) to base 15.
-166d53
912191 (base 10) to base 7
10516310
What is -1895984 (base 11) in base 16?
-30d256
Convert -67904 (base 16) to base 4.
-1213210010
What is -706030 (base 11) in base 7?
-12436064
Convert -52262142 (base 7) to base 8.
-20625206
What is -4052010 (base 6) in base 4?
-233100012
What is -12301020204 (base 5) in base 9?
-30860015
166c3a (base 13) to base 9
1040278
-66004 (base 12) to base 2
-100000111010000100
7a117 (base 14) to base 12
123761
Convert a1802 (base 16) to base 8.
2414002
What is 157764 (base 12) in base 10?
365692
304444 (base 6) to base 15
7344
What is -8952ed (base 15) in base 14?
-c26509
Convert 102321101030 (base 4) to base 8.
22712114
What is -1020202221121 (base 3) in base 5?
-132233220
Convert -e290 (base 16) to base 5.
-3324000
-45566 (base 9) to base 16
-7692
Convert -203001041 (base 6) to base 2.
-1101010110010110110001
What is -666040 (base 7) in base 13?
-41539
166532 (base 11) to base 9
432226
Convert 501265 (base 7) to base 2.
10100101000101011
What is 110100101010111010011 (base 2) in base 9?
3220444
1457743 (base 9) to base 16
c4d07
What is -73c3 (base 13) in base 9?
-24007
What is -1012000112 (base 4) in base 10?
-286742
What is 12001102022022 (base 3) in base 7?
31552241
-5813572 (base 9) to base 5
-1300420230
236b2c (base 14) to base 8
4472324
What is 101002220100 (base 3) in base 12?
97169
What is -23167036 (base 8) in base 7?
-60565550
What is -724675 (base 9) in base 15?
-875c5
Convert 4012251 (base 6) to base 10.
188455
-1331525 (base 7) to base 14
-4814c
What is -4422141 (base 6) in base 2?
-110101111010001101
Convert -1110101010010011010100 (base 2) to base 16.
-3aa4d4
-1755838 (base 10) to base 2
-110101100101010111110
-1663006 (base 8) to base 12
-1b471a
Convert 203220012 (base 4) to base 15.
2d386
What is 11022021121 (base 3) in base 12?
41081
What is 200702 (base 11) in base 15?
65a51
302413200 (base 5) to base 16
1290a3
Convert -121200120011021 (base 3) to base 16.
-875230
-ccb7 (base 13) to base 10
-28542
b17e6c (base 16) to base 5
10434212421
Convert 636854 (base 13) to base 16.
2385ec
What is -11001010111101111010110 (base 2) in base 12?
-2288a46
Convert -1102000111 (base 3) to base 15.
-832a
c0c4 (base 14) to base 10
33100
-32b25b6 (base 12) to base 9
-20205423
10560261 (base 7) to base 4
3201020031
Convert -8a18 (base 11) to base 15.
-37bc
Convert 448b8 (base 16) to base 9.
467115
-2620175 (base 8) to base 13
-1c6bb4
Convert 330302231 (base 4) to base 8.
746255
Convert 30d2d (base 16) to base 3.
101011022201
Convert 3353214 (base 6) to base 8.
515012
What is 2b73 (base 15) in base 13?
432c
-5837 (base 14) to base 5
-442322
1df1b8 (base 16) to base 15
28b6d4
-10111110101001 (base 2) to base 8
-27651
What is -2000200 (base 7) in base 9?
-387811
-1141312 (base 7) to base 8
-432257
-19838c (base 15) to base 3
-2100010210220
-18e1bc (base 16) to base 6
-54541152
What is -435400 (base 10) in base 8?
-1522310
What is -15f79 (base 16) in base 4?
-111331321
1001101100111100010 (base 2) to base 15
642ec
-101233021132 (base 4) to base 11
-2696319
What is -300235 (base 10) in base 9?
-506754
Convert -211100510 (base 6) to base 5.
-1421200121
What is -11656156 (base 7) in base 13?
-2ac982
What is 103a02 (base 15) in base 10?
771752
What is -1245061 (base 8) in base 12?
-148755
What is 93f09 (base 16) in base 3?
1010210020000
Convert 17577 (base 15) to base 12.
37827
-445dc5 (base 15) to base 9
-6117765
Convert -19ab50 (base 13) to base 12.
-275550
Convert -3032211 (base 4) to base 9.
-20120
526713 (base 8) to base 10
175563
Convert 256375 (base 10) to base 15.
50e6a
What is -11010010111000100 (base 2) in base 8?
-322704
-3aa999 (base 13) to base 3
-2200022010122
-416 (base 7) to base 9
-252
Convert 4a0d04 (base 14) to base 16.
26ba18
What is -256b5a (base 16) in base 12?
-9a31b6
Convert -110111010010110111 (base 2) to base 3.
-102111200102
Convert 20789 (base 11) to base 15.
8e51
-8c3710 (base 13) to base 6
-155102211
461559a (base 12) to base 6
1200351514
-362623 (base 8) to base 14
-33431
What is -136995 (base 11) in base 15?
-436bd
What is 32323132 (base 5) in base 2?
1000011100010111011
Convert -187571 (base 12) to base 14.
-b1ba5
11221010000 (base 3) to base 8
275416
What is -31211001011 (base 4) in base 2?
-1101100101000001000101
Convert -5a143 (base 13) to base 3.
-22101100002
Convert 70235 (base 11) to base 14.
29647
1000110010001100011101 (base 2) to base 12
930739
1310465 (base 8) to base 11
22a135
-3520445 (base 9) to base 4
-13100213033
Convert -143201551 (base 6) to base 9.
-5503824
Convert -53143143 (base 7) to base 9.
-8415310
Convert -110322233 (base 4) to base 7.
-504536
Convert 2da5 (base 16) to base 6.
130033
10110100010101000111 (base 2) to base 8
2642507
-29cbd7 (base 16) to base 14
-514343
Convert -5123312 (base 7) to base 15.
-c10ae
What is 32222000 (base 4) in base 10?
60032
-11100111001100000 (base 2) to base 5
-12241433
What is 45dbb3 (base 14) in base 5?
1102200421
What is 10011211110 (base 3) in base 16?
f46b
What is 123518 (base 10) in base 8?
361176
What is -149c4c9 (base 15) in base 2?
-111000111011111000011011
Convert -1133063 (base 8) to base 12.
-12a843
99c2a5 (base 13) to base 16
375233
Convert 133552 (base 6) to base 8.
30354
Convert -211200121121102 (base 3) to base 12.
-405609b
Convert 2303510 (base 6) to base 15.
24c19
What is 455244 (base 7) in base 8?
236266
Convert -1012021021220 (base 3) to base 11.
-3a423a
Convert 10321213123 (base 5) to base 6.
1034134011
Convert 1100011100011011010110 (base 2) to base 16.
31c6d6
Convert -10124343 (base 7) to base 14.
-1807ca
Convert 55302016 (base 7) to base 16.
489658
Convert -17a612 (base 11) to base 9.
-462700
What is -1066030 (base 7) in base 8?
-405766
221110211122 (base 3) to base 7
4155623
-10256341 (base 7) to base 13
-246826
What is 133030413 (base 5) in base 2?
10100100100001000010
What is -b106a2 (base 12) in base 3?
-12012011110112
What is d698b (base 16) in base 4?
3112212023
6656d (base 15) to base 2
1001111011001101100
-1142c80 (base 13) to base 7
-63131626
What is 506718 (base 9) in base 16?
494ab
What is 625046 (base 7) in base 10?
107393
What is 1784172 (base 9) in base 13?
29041a
30020042 (base 5) to base 9
388220
Convert 3144 (base 6) to base 4.
23020
Convert -33ad76 (base 14) to base 11.
-aa1470
-244465 (base 9) to base 12
-71535
What is -127b55 (base 12) in base 7?
-2404304
Convert -25422355 (base 6) to base 8.
-3120037
What is -213310033122 (base 4) in base 9?
-21567616
Convert -851854 (base 9) to base 14.
-d28b5
Convert 160120053 (base 7) to base 6.
1021533150
655580 (base 9) to base 4
1133200311
-1a07a (base 14) to base 16
-101ac
What is -184a938 (base 12) in base 5?
-2300000304
-11102012001 (base 3) to base 16
-15367
96034 (base 12) to base 4
300012220
Convert 6a20b (base 12) to base 10.
141995
What is -220101211 (base 3) in base 9?
-26354
Convert 1010202312 (base 6) to base 14.
154072c
-96812 (base 10) to base 12
-48038
Convert 4ba3c (base 15) to base 14.
6424c
What is 946283 (base 13) in base 10?
3469508
Convert -130d22 (base 14) to base 5.
-131440100
What is 1222230101 (base 4) in base 16?
6ab11
What is -141156 (base 11) in base 8?
-657710
Convert 774034 (base 12) to base 16.
1ce628
1010101001000000100010 (base 2) to base 10
2789410
Convert -52233143 (base 6) to base 16.
-1716b7
-787146 (base 9) to base 15
-9488c
240314350 (base 6) to base 12
16129b6
-10b21 (base 15) to base 16
-cf8b
2b121 (base 16) to base 12
86115
What is 3004101 (base 5) in base 13?
18763
Convert 4070570 (base 8) to base 4.
10013011320
What is 326116 (base 8) in base 14?
2bd5c
-739b3 (